6?
-3d20
What is -201020 (base 4) in base 16?
-848
What is 27b1 (base 16) in base 7?
41424
What is -13121 (base 4) in base 8?
-731
Convert -234 (base 8) to base 4.
-2130
10123 (base 4) to base 7
553
What is -111221 (base 3) in base 10?
-376
-2175 (base 12) to base 16
-e69
Convert 12322 (base 5) to base 11.
7a5
Convert -2f (base 16) to base 14.
-35
-55a1 (base 14) to base 12
-8709
111111001011 (base 2) to base 12
240b
-21f (base 16) to base 10
-543
83411 (base 10) to base 5
10132121
Convert 1232 (base 15) to base 13.
19bb
Convert 24477 (base 9) to base 4.
10000300
What is 3311 (base 5) in base 6?
2040
-144 (base 9) to base 12
-a1
-1124422 (base 5) to base 12
-bb18
70cf (base 16) to base 15
8854
1a7 (base 13) to base 8
462
1001001001 (base 2) to base 12
409
10140 (base 5) to base 4
22132
What is 1666 (base 13) in base 7?
12415
What is 447 (base 11) in base 10?
535
What is -4739 (base 14) in base 9?
-18006
-3252 (base 8) to base 10
-1706
What is 11 (base 3) in base 7?
4
Convert -17861 (base 10) to base 7.
-103034
Convert -1c346 (base 14) to base 13.
-26a00
Convert 1b27 (base 13) to base 16.
ff9
225 (base 13) to base 5
2434
What is -3146 (base 15) in base 3?
-112021210
What is -5772 (base 8) in base 9?
-4176
Convert -73 (base 10) to base 3.
-2201
What is -187 (base 12) in base 3?
-100011
Convert 1100101001 (base 2) to base 12.
575
Convert 270 (base 10) to base 6.
1130
What is 2443 (base 5) in base 12?
271
What is 7397 (base 15) in base 7?
131155
2011022 (base 3) to base 15
6ee
-398 (base 13) to base 7
-1562
What is -14003 (base 11) in base 12?
-b680
Convert 81aa (base 12) to base 8.
33422
-20021111 (base 3) to base 2
-1000111100000
-5401 (base 14) to base 16
-38a9
1c8 (base 16) to base 3
121220
Convert 202144 (base 5) to base 8.
14625
What is -41441 (base 6) in base 12?
-3281
Convert 1002010200 (base 3) to base 6.
242200
Convert 1336 (base 7) to base 16.
205
Convert 3483 (base 10) to base 14.
13ab
Convert 17735 (base 11) to base 7.
132300
What is -820 (base 9) in base 4?
-22122
-112201021 (base 3) to base 2
-10100111100110
What is 46424 (base 7) in base 14?
4484
What is 24333 (base 5) in base 3?
2112021
Convert -125 (base 10) to base 5.
-1000
Convert -2020211 (base 3) to base 8.
-3152
42033 (base 6) to base 13
2748
Convert -120 (base 4) to base 14.
-1a
16463 (base 13) to base 11
29a27
Convert 1152 (base 6) to base 7.
554
-2a0 (base 13) to base 9
-570
-11bd8 (base 16) to base 5
-4311124
-32020 (base 8) to base 3
-200021122
What is -1829 (base 14) in base 9?
-5862
What is 14868 (base 10) in base 12?
8730
-4123 (base 15) to base 7
-55053
Convert -4f6 (base 16) to base 2.
-10011110110
What is -3002302 (base 4) in base 10?
-12466
Convert -1001110101 (base 2) to base 15.
-2be
Convert -256 (base 13) to base 7.
-1123
310 (base 6) to base 5
424
Convert -443 (base 12) to base 13.
-393
What is 2d9b (base 15) in base 14?
3817
Convert 100000010011 (base 2) to base 3.
2211120
What is 1632 (base 15) in base 11?
3649
32df (base 16) to base 12
7653
Convert -14010 (base 8) to base 12.
-3688
5 (base 12) to base 4
11
Convert -202300 (base 4) to base 8.
-4260
-1100102 (base 3) to base 9
-1312
What is 4b8 (base 15) in base 13?
647
What is 1101111011110010 (base 2) in base 4?
31323302
Convert 6f4 (base 16) to base 14.
912
-110001313 (base 4) to base 10
-82039
13205 (base 10) to base 12
7785
What is -10011100 (base 2) in base 4?
-2130
Convert -530 (base 16) to base 9.
-1735
-1412204 (base 5) to base 7
-150464
206020 (base 7) to base 10
35686
What is 526 (base 9) in base 8?
655
What is -24126 (base 9) in base 15?
-4bb3
Convert -1110 (base 8) to base 2.
-1001001000
Convert -1123 (base 6) to base 4.
-10023
523 (base 8) to base 3
110120
What is 32376 (base 11) in base 4?
23132313
What is 1354 (base 11) in base 14?
8d3
Convert 734 (base 13) to base 14.
638
What is -2131 (base 12) in base 11?
-2807
Convert 1000001111 (base 2) to base 7.
1352
Convert -1423 (base 5) to base 8.
-356
What is 12325 (base 6) in base 12?
10a5
351223 (base 6) to base 12
15513
Convert 11212 (base 12) to base 15.
6b2b
Convert -201152 (base 6) to base 5.
-1001321
What is -32000 (base 4) in base 7?
-2420
Convert 171 (base 12) to base 13.
148
What is -10101001000010 (base 2) in base 5?
-321233
What is 66104 (base 8) in base 3?
1102000112
What is 2121321 (base 4) in base 15?
2db9
What is 13031 (base 5) in base 11?
844
Convert 26ef (base 16) to base 11.
7541
What is 91 (base 14) in base 15?
87
Convert 12210 (base 9) to base 8.
17776
-858b (base 13) to base 2
-100100001101000
What is 5606 (base 7) in base 12?
11bb
Convert 230b (base 15) to base 16.
1d0c
101220 (base 3) to base 8
446
What is 908 (base 14) in base 5?
24042
Convert 10b6 (base 15) to base 13.
17ca
What is -35110 (base 6) in base 13?
-2385
1254 (base 6) to base 3
102221
What is -2d8 (base 14) in base 13?
-35a
What is c7 (base 15) in base 4?
2323
-153 (base 6) to base 16
-45
What is c16 (base 15) in base 13?
1314
3959 (base 12) to base 13
2c9a
-315 (base 9) to base 14
-145
224 (base 9) to base 15
c4
Convert -21302 (base 4) to base 6.
-2522
-41 (base 12) to base 5
-144
What is 21121110 (base 3) in base 8?
12653
-21212020 (base 3) to base 9
-7766
Convert a2ae (base 15) to base 16.
863c
What is 1221211110 (base 3) in base 5?
2213024
Convert -33132 (base 6) to base 10.
-4592
Convert -12220230 (base 4) to base 3.
-1101021200
Convert 1446 (base 12) to base 5.
33413
What is 198 (base 13) in base 2?
100100110
What is 552 (base 15) in base 3?
1122112
-11b3 (base 13) to base 16
-9d0
-85a (base 15) to base 5
-30020
What is 22011022 (base 3) in base 16?
173c
What is b15a (base 13) in base 4?
11331123
What is 101011001100010 (base 2) in base 15?
6844
What is -12001102 (base 3) in base 12?
-216b
284 (base 14) to base 5
4013
333 (base 15) to base 6
3203
-1011021 (base 3) to base 15
-3b4
What is 4b42 (base 15) in base 5?
1003122
Convert 110201 (base 3) to base 14.
1a7
What is -74380 (base 10) in base 7?
-426565
What is 11 (base 4) in base 11?
5
What is 1036 (base 8) in base 6?
2302
What is 5343 (base 7) in base 2?
11101100101
What is -3101 (base 5) in base 15?
-1bb
37ae (base 15) to base 5
334424
Convert 16665 (base 7) to base 4.
1023000
Convert 6a0c (base 14) to base 10.
18436
304403 (base 5) to base 2
10011011111010
Convert 21121112 (base 3) to base 14.
2045
3a9 (base 13) to base 15
2d1
Convert 15348 (base 9) to base 10.
10493
What is -20028 (base 11) in base 15?
-8a42
What is 1629 (base 11) in base 5?
31323
Convert -482 (base 13) to base 9.
-1058
What is 2f5 (base 16) in base 13?
463
What is 1000010010101 (base 2) in base 3?
12211020
-86 (base 13) to base 5
-420
Convert -4c2 (base 16) to base 10.
-1218
Convert -4132 (base 5) to base 13.
-329
What is -19cd (base 14) in base 11?
-3583
What is -111111110 (base 2) in base 8?
-776
Convert 5925 (base 14) to base 9.
23251
What is 3717 (base 9) in base 3?
10210121
-256 (base 16) to base 2
-1001010110
17360 (base 11) to base 14
8c5d
Convert 60580 (base 9) to base 6.
504243
What is -2010022122 (base 3) in base 12?
-20222
-25447 (base 9) to base 10
-17134
-acb9 (base 13) to base 12
-11b86
a60 (base 12) to base 10
1512
Convert 1786 (base 9) to base 11.
103a
What is -244130 (base 5) in base 3?
-110202002
-7c (base 13) to base 2
-1100111
What is 131213 (base 4) in base 5?
30040
-25 (base 7) to base 15
-14
What is -312 (base 14) in base 15?
-2a4
-10010100011 (base 2) to base 15
-542
What is 1015 (base 7) in base 9?
434
What is -1301 (base 8) in base 3?
-222010
-4713 (base 16) to base 15
-55d0
Convert -926 (base 14) to base 10.
-1798
-2221001 (base 3) to base 16
-856
Convert 253 (base 10) to base 14.
141
111614 (base 7) to base 4
10312100
-110 (base 9) to base 12
-76
What is a3aa (base 12) in base 14?
6706
25712 (base 8) to base 4
2233022
Convert 101013020 (base 4) to base 9.
116125
2121 (base 3) to base 6
154
What is 2204 (base 5) in base 2?
100110000
214 (base 11) to base 6
1105
Convert 207 (base 11) to base 6.
1053
Convert 1150 (base 8) to base 5.
4431
What is 25 (base 11) in base 14?
1d
What is 25264 (base 9) in base 4?
10021123
What is -100001110110 (base 2) in base 12?
-1306
What is 42072 (base 8) in base 16?
443a
-856 (base 12) to base 14
-630
What is 310 (base 9) in base 16?
fc
What is 10302331 (base 4) in base 13